08.
50
Calculate the remainder when 10492 is divided by 41.
37
What is the remainder when 3281 is divided by 29?
4
Calculate the remainder when 37409 is divided by 430.
429
What is the remainder when 74613 is divided by 37?
21
Calculate the remainder when 179449 is divided by 194.
193
Calculate the remainder when 12054 is divided by 52.
42
Calculate the remainder when 11519 is divided by 213.
17
What is the remainder when 70584 is divided by 241?
212
Calculate the remainder when 129295 is divided by 1221.
1090
What is the remainder when 64160 is divided by 4277?
5
What is the remainder when 3617332 is divided by 342?
340
Calculate the remainder when 12996 is divided by 6478.
40
Calculate the remainder when 7769 is divided by 125.
19
What is the remainder when 28710 is divided by 241?
31
Calculate the remainder when 33161 is divided by 6632.
1
What is the remainder when 924317 is divided by 27?
26
Calculate the remainder when 146585 is divided by 37.
28
What is the remainder when 4751 is divided by 105?
26
What is the remainder when 9479 is divided by 306?
299
What is the remainder when 7520 is divided by 1494?
50
What is the remainder when 7912 is divided by 1973?
20
Calculate the remainder when 6868 is divided by 1548.
676
What is the remainder when 16422 is divided by 335?
7
Calculate the remainder when 4075 is divided by 66.
49
Calculate the remainder when 4056 is divided by 3921.
135
What is the remainder when 6075 is divided by 2023?
6
What is the remainder when 17393 is divided by 5787?
32
What is the remainder when 1183 is divided by 298?
289
What is the remainder when 4526 is divided by 3315?
1211
What is the remainder when 42719 is divided by 14?
5
Calculate the remainder when 122 is divided by 16.
10
Calculate the remainder when 7323 is divided by 2436.
15
What is the remainder when 188 is divided by 182?
6
What is the remainder when 6959 is divided by 291?
266
Calculate the remainder when 153357 is divided by 40.
37
What is the remainder when 1199933 is divided by 118?
109
What is the remainder when 1566002 is divided by 663?
659
What is the remainder when 4566639 is divided by 1040?
1039
What is the remainder when 12364 is divided by 496?
460
Calculate the remainder when 435711 is divided by 64.
63
What is the remainder when 40208 is divided by 40207?
1
Calculate the remainder when 1573751 is divided by 14.
11
What is the remainder when 2511 is divided by 1171?
169
Calculate the remainder when 2363 is divided by 79.
72
Calculate the remainder when 4770 is divided by 367.
366
Calculate the remainder when 475 is divided by 55.
35
Calculate the remainder when 19916 is divided by 19908.
8
Calculate the remainder when 1745 is divided by 248.
9
Calculate the remainder when 10120 is divided by 76.
12
Calculate the remainder when 380643 is divided by 769.
757
What is the remainder when 2225 is divided by 176?
113
What is the remainder when 372774 is divided by 25?
24
What is the remainder when 209658 is divided by 1762?
1742
What is the remainder when 4297 is divided by 2141?
15
Calculate the remainder when 142755 is divided by 142739.
16
What is the remainder when 11176 is divided by 1376?
168
Calculate the remainder when 1246 is divided by 139.
134
Calculate the remainder when 1588 is divided by 182.
132
Calculate the remainder when 5103 is divided by 96.
15
Calculate the remainder when 23574 is divided by 134.
124
What is the remainder when 8055 is divided by 3922?
211
What is the remainder when 3519 is divided by 338?
139
Calculate the remainder when 48995 is divided by 363.
353
What is the remainder when 53473 is divided by 27?
13
Calculate the remainder when 19007 is divided by 53.
33
Calculate the remainder when 1938 is divided by 31.
16
What is the remainder when 74919 is divided by 106?
83
What is the remainder when 162135 is divided by 201?
129
Calculate the remainder when 36940 is divided by 182.
176
What is the remainder when 18090 is divided by 208?
202
Calculate the remainder when 293589 is divided by 314.
313
What is the remainder when 32791 is divided by 1171?
3
Calculate the remainder when 11606 is divided by 73.
72
Calculate the remainder when 55272 is divided by 56.
0
Calculate the remainder when 3522 is divided by 680.
122
What is the remainder when 745084 is divided by 67?
44
Calculate the remainder when 2319 is divided by 2167.
152
Calculate the remainder when 43463 is divided by 192.
71
What is the remainder when 134900 is divided by 68?
56
What is the remainder when 7555 is divided by 3507?
541
Calculate the remainder when 302705 is divided by 603.
602
What is the remainder when 166788 is divided by 19?
6
Calculate the remainder when 40336 is divided by 76.
56
Calculate the remainder when 265 is divided by 108.
49
Calculate the remainder when 21844 is divided by 10909.
26
What is the remainder when 3248 is divided by 37?
29
What is the remainder when 434957 is divided by 895?
882
What is the remainder when 23527 is divided by 7831?
34
What is the remainder when 419 is divided by 378?
41
Calculate the remainder when 9725 is divided by 70.
65
Calculate the remainder when 81849 is divided by 1063.
1061
Calculate the remainder when 10264 is divided by 10190.
74
What is the remainder when 495 is divided by 8?
7
What is the remainder when 6834 is divided by 76?
70
What is the remainder when 4704 is divided by 1118?
232
What is the remainder when 2325 is divided by 387?
3
Calculate the remainder when 26624 is divided by 179.
132
What is the remainder when 1087 is divided by 105?
37
Calculate the remainder when 88428 is divided by 63.
39
Calculate the remainder when 131937 is divided by 879.
87
Calculate the remainder when 90932 is divided by 797.
74
What is the remainder when 16725 is divided by 2360?
205
Calculate the remainder when 27582 is divided by 1200.
1182
Calculate the remainder when 192441 is divided by 48107.
13
What is the remainder when 7167 is divided by 287?
279
Calculate the remainder when 4492 is divided by 188.
168
What is the remainder when 588403 is divided by 86?
77
What is the remainder when 1931 is divided by 45?
41
What is the remainder when 40940 is divided by 165?
20
Calculate the remainder when 13867 is divided by 1253.
84
Calculate the remainder when 194933 is divided by 103.
57
Calculate the remainder when 1287056 is divided by 1043.
1037
Calculate the remainder when 2424 is divided by 242.
4
Calculate the remainder when 13229 is divided by 189.
188
What is the remainder when 1324 is divided by 439?
7
What is the remainder when 27785 is divided by 2312?
41
Calculate the remainder when 9668 is divided by 3219.
11
Calculate the remainder when 3561 is divided by 3369.
192
Calculate the remainder when 1092 is divided by 399.
294
What is the remainder when 13589 is divided by 3396?
5
What is the remainder when 609 is divided by 76?
1
Calculate the remainder when 613919 is divided by 204589.
152
Calculate the remainder when 4171 is divided by 29.
24
Calculate the remainder when 21629 is divided by 2391.
110
Calculate the remainder when 3518 is divided by 30.
8
What is the remainder when 62186 is divided by 12433?
21
What is the remainder when 5830 is divided by 211?
133
What is the remainder when 6415 is divided by 641?
5
Calculate the remainder when 3417 is divided by 1014.
375
Calculate the remainder when 3406 is divided by 3379.
27
Calculate the remainder when 20707 is divided by 80.
67
What is the remainder when 30272 is divided by 235?
192
What is the remainder when 3076 is divided by 3075?
1
Calculate the remainder when 24650 is divided by 503.
3
What is the remainder when 133400 is divided by 14?
8
What is the remainder when 1931 is divided by 713?
505
Calculate the remainder when 103858 is divided by 43.
13
Calculate the remainder when 168855 is divided by 129.
123
What is the remainder when 2362536 is divided by 21?
15
What is the remainder when 934121 is divided by 161?
160
What is the remainder when 4440 is divided by 353?
204
What is the remainder when 1478879 is divided by 632?
631
Calculate the remainder when 29714 is divided by 29674.
40
What is the remainder when 10599 is divided by 842?
495
What is the remainder when 21893 is divided by 17?
14
What is the remainder when 9457 is 